256117. What is k(15)?
22
Let u(t) = 11814*t + 94497. Calculate u(-8).
-15
Let b(l) = l**3 + 39*l**2 - 9*l + 4907. Calculate b(-42).
-7
Let y(t) = -t**2 + 66*t + 1858. Determine y(88).
-78
Let b(a) = -97*a + 10187. Determine b(103).
196
Let i(d) = -3*d**3 + 622*d**2 + 3176*d - 46. What is i(-5)?
-1
Let z(r) = 1125*r - 335376. Determine z(298).
-126
Let a(j) = 4*j**2 - 2529*j - 90771. Determine a(-34).
-161
Let x(p) = p**2 + 8144*p + 53. What is x(0)?
53
Let m(x) = -50545*x + 657089. Calculate m(13).
4
Let p(a) = -22*a**2 - 777*a - 6779. Give p(-20).
-39
Let v(i) = 2*i**3 + 176*i**2 - 22*i - 4316. Determine v(-88).
-2380
Let o(z) = z**3 - 41*z**2 + 128*z - 3465. Determine o(40).
55
Let a(m) = -1923295*m + 5769895. Give a(3).
10
Let z(s) = -391*s + 13665. Give z(35).
-20
Let s(a) = -1011308*a - 2022609. Determine s(-2).
7
Let p(s) = s**3 + 48*s**2 - 20*s + 225. What is p(-48)?
1185
Let u(c) = 58649*c + 117193. What is u(-2)?
-105
Let z(f) = 11*f**2 - 325*f - 72. Give z(30).
78
Let o(w) = w**3 + 360*w**2 + 1158*w + 30297. What is o(-357)?
-762
Let i(j) = 116*j + 7287. Give i(-55).
907
Let m(a) = 2*a**3 + 30*a**2 - 1568*a - 58. Give m(22).
1262
Let u(d) = -10*d**3 + 31*d**2 - 27*d - 3. Give u(1).
-9
Let j(t) = 2*t**3 + 253*t**2 - 2158*t + 43. What is j(8)?
-5
Let r(g) = -3*g**3 - 1194*g**2 - 4743*g - 5911. Calculate r(-394).
-1
Let s(d) = 58*d**2 + 18770*d - 7124. Determine s(-324).
4
Let n(v) = v**3 + 35*v**2 - 79*v + 176. Calculate n(-37).
361
Let q(z) = 333413*z - 29006945. What is q(87)?
-14
Let p(q) = 598*q + 34157. Give p(-57).
71
Let q(x) = 5*x**2 + 12374*x - 325128. Give q(26).
-24
Let q(h) = 1798*h - 12908. Calculate q(7).
-322
Let b(v) = -v**3 - 67*v**2 + 994*v - 3687. What is b(-80)?
-7
Let m(k) = -3*k**2 - 82*k + 2026. Determine m(30).
-3134
Let f(z) = 47*z**2 + 1871*z + 5609. Give f(-3).
419
Let f(j) = 2*j**3 - 7*j**2 - 339*j + 1683. What is f(5)?
63
Let f(z) = -6*z**3 + 623*z**2 + 114*z - 1076. Calculate f(104).
-36
Let q(c) = 2*c**2 + 9853*c + 49204. Give q(-5).
-11
Let w(d) = 28605*d + 57004. Calculate w(-2).
-206
Let d(q) = -109829*q - 8347005. What is d(-76)?
-1
Let c(a) = 21125*a + 4900983. Calculate c(-232).
-17
Let v(n) = -11211*n + 22400. Determine v(2).
-22
Let f(d) = -5121*d**2 + 25541*d + 329. Determine f(5).
9
Let l(k) = 3*k**2 + 667*k + 19377. Determine l(-188).
13
Let l(g) = -7*g**2 + 178*g + 2289. Calculate l(-9).
120
Let h(c) = -82*c + 821. Determine h(15).
-409
Let m(y) = y**3 - 195*y**2 + 8637*y + 76. Give m(127).
203
Let i(t) = 3*t**3 - 91*t**2 - 646*t + 63. Give i(-6).
15
Let x(a) = 7753*a + 170414. Give x(-22).
-152
Let q(c) = -12*c**2 - 159*c - 229. What is q(-14)?
-355
Let b(n) = -13*n**2 + 102*n - 232. Determine b(10).
-512
Let d(f) = 22*f**2 - 48*f - 3642. What is d(14)?
-2
Let j(d) = d**2 + 308*d - 23625. Calculate j(63).
-252
Let o(c) = -3*c**2 - 1938*c - 311331. Give o(-347).
-72
Let c(r) = 16*r**2 - 55876*r + 167631. Determine c(3).
147
Let f(m) = -5*m**2 - 49*m + 7. Calculate f(-20).
-1013
Let h(l) = -19*l**3 + 477*l**2 - 42*l - 132. Calculate h(25).
68
Let g(h) = 497*h**3 + 8*h**2 - 39*h - 49. Determine g(-1).
-499
Let q(u) = 6*u**2 + 1426*u - 29882. Calculate q(20).
1038
Let w(a) = -a**3 + 28*a**2 - 166*a - 199. Calculate w(20).
-319
Let q(s) = -s**2 - 15192*s + 792679. Calculate q(52).
-9
Let t(c) = 88*c**3 + 13550*c**2 - 267*c + 6308. Determine t(-154).
-6
Let c(u) = -u**2 + 105*u + 2421. Determine c(127).
-373
Let h(y) = -2*y**3 - 35*y**2 + 75309*y - 818. What is h(-203)?
-6
Let t(q) = 2038*q + 105974. What is t(-52)?
-2
Let u(d) = -d**3 - 17*d**2 + 119*d + 728. Determine u(-21).
-7
Let t(d) = d**3 - 253*d**2 - 1580*d - 172. Calculate t(-6).
-16
Let u(f) = 5*f**3 + 3*f**2 - 18468*f - 73872. Determine u(-4).
-272
Let v(j) = -j**3 - 74*j**2 - 168*j - 1925. Give v(-72).
-197
Let x(q) = q**3 + 64*q**2 + 332*q - 543. Calculate x(-58).
385
Let t(a) = -a**2 + 5*a + 259. Calculate t(16).
83
Let f(z) = -10123*z + 506005. What is f(50)?
-145
Let l(f) = -3*f**3 + 50*f**2 + 835*f + 306. Calculate l(27).
252
Let g(u) = -1322*u - 80653. Calculate g(-61).
-11
Let l(f) = f**2 - 117*f + 1521. Give l(15).
-9
Let w(d) = d**3 - 18*d**2 + 92*d - 335. Determine w(14).
169
Let z(i) = -102*i + 2298. Calculate z(26).
-354
Let j(w) = -w**3 - 37*w**2 - 6*w + 7115. Determine j(-27).
-13
Let r(z) = 945*z - 36515. Calculate r(38).
-605
Let f(l) = 5*l**3 + 179*l**2 - 213*l + 334. Determine f(-37).
1
Let q(i) = -428*i + 68733. Determine q(161).
-175
Let t(n) = 101*n + 14835. What is t(-146)?
89
Let l(y) = -788*y**2 - 188*y + 187. Give l(1).
-789
Let d(x) = x**3 - 9*x**2 - 21*x - 80. Give d(0).
-80
Let z(p) = -p**3 + 7*p**2 + 208*p - 1834. What is z(10)?
-54
Let t(z) = -6*z**3 + 9067*z**2 - 1556*z + 68001. What is t(1511)?
6
Let u(d) = -d**3 - 165*d**2 + 698*d + 88575. Determine u(-166).
263
Let q(o) = -935*o + 11696. Calculate q(13).
-459
Let v(c) = 6*c**3 + 2*c**2 - 36*c + 35. What is v(1)?
7
Let y(w) = -7220*w - 57889. What is y(-8)?
-129
Let l(g) = -3*g**2 - 133140*g - 1198057. Determine l(-9).
-40
Let z(j) = 293*j + 8791. Calculate z(-30).
1
Let p(n) = -17598*n - 1759798. Give p(-100).
2
Let n(g) = 21*g**2 - 194*g - 88. Calculate n(9).
-133
Let z(w) = -2280*w + 403561. Give z(177).
1
Let y(r) = 3065*r - 76636. Determine y(25).
-11
Let g(u) = 33271*u - 232861. What is g(7)?
36
Let f(c) = -28*c**2 + 381*c + 126. Calculate f(19).
-2743
Let s(v) = 3*v**3 - 66*v**2 + 3*v - 82. Determine s(22).
-16
Let c(s) = -8*s**2 - 1708*s + 111706. Give c(-266).
-14
Let i(g) = 6*g**2 + 642*g + 3197. Give i(-5).
137
Let f(h) = -h**3 - 9*h**2 - 45*h + 707. Determine f(0).
707
Let k(d) = -573*d + 22997. What is k(40)?
77
Let m(c) = -2*c**3 - 18*c**2 - 18*c - 370. What is m(-10)?
10
Let b(n) = -n**3 - 37*n**2 - 345*n - 729. Calculate b(-24).
63
Let t(a) = 16*a**3 - 7*a**2 - 22*a - 17. Determine t(-3).
-446
Let n(q) = 308*q - 4. Calculate n(5).
1536
Let w(a) = -32401*a - 30816. What is w(-1)?
1585
Let g(n) = -n**3 + 57*n**2 - 191*n + 4596. Give g(55).
141
Let z(o) = 15*o**3 - 7*o**2 - 825*o + 4147. Calculate z(5).
1722
Let o(a) = -10*a + 4651. Determine o(-5).
4701
Let h(b) = 2*b**2 + 89*b - 1138. Determine h(-57).
287
Let z(p) = 309*p + 6941. Calculate z(-23).
-166
Let i(h) = 3*h**2 - 198*h + 2988. Calculate i(16).
588
Let o(d) = d**2 - 66*d + 992. Determine o(37).
-81
Let p(h) = -3509*h - 4424863. What is p(-1261)?
-14
Let l(j) = -22*j**2 + 1001*j - 179. What is l(45)?
316
Let k(c) = -4*c**2 - 3641*c - 18194. Give k(-5).
-89
Let i(z) = -35*z**2 + 890*z + 10242. What is i(34)?
42
Let p(r) = 1602314*r + 17625452. Determine p(-11).
-2
Let g(x) = -475*x**2 + 777. Calculate g(0).
777
Let a(z) = -7*z**2 - 48*z + 478. Calculate a(-11).
159
Let k(r) = -2*r**3 + 2*r**2 + 27*r - 35. What is k(4)?
-23
Let w(b) = 10785*b + 21390. Calculate w(-2).
-180
Let s(r) = -151*r**2 + 560*r + 984. Give s(5).
9
Let s(n) = 81*n**3 - 336*n**2 - 345*n - 4. Calculate s(5).
-4
Let z(g) = -477*g**3 + 20*g**2 + 3*g - 4. What is z(1)?
-458
Let d(s) = s**3 - 6*s**2 - 233712*s + 1168589. Calculate d(5).
4
Let k(h) = 2*h**2 + 479*h + 15168. What is k(-37)?
183
Let v(i) = -11*i**2 - 1434*i - 8640. Calculate v(-124).
40
Let s(t) = -2*t**3 + 522*t**2 - 10090*t + 215. Calculate s(21).
5
Let r(d) = -77*d**2 - 330*d - 13. Give r(-5).
-288
Let k(l) = l**3 - 114*l**2 - 2185*l + 279372. Calculate k(111).
-126
Let u(l) = -495*l - 4679. What is u(-11)?
766
Let j(t) = 40691*t + 1586914. Calculate j(-39).
-35
Let q(n) = -1482*n + 624. What is q(4)?
-5304
Let n(b) = -125*b - 10738. Give n(-82).
-488
Let i(f) = -12*f**3 + 49*f**2 - 1316*f + 5237. Calculate i(4).
-11
Let u(p) = -27*p**2 + 937*p - 2345. What is u(32)?
-9
Let t(j) = 2*j**2 + 6975*j + 27877. Give t(-4).
9
Let k(a) = -390*a + 12156. Calculate k(32).
-324
Let a(q) = 46*q**3 - 20*q**2 - 84*q - 243. What is a(-4)?
-3171
Let j(m) = -m**3 + 31*m**2 - 276*m + 8185. Calculate j(23).
6069
Let g(b) = -b**2 + 17*b + 2105. What is g(-38)?
15
Let m(r) = -4*r**3 - 593*r**2 + 1793*r - 38. Give m(3).
-104
Let y(k) = -80*k - 7984. Give y(-107).
576
Let n(r) = -11*r**2 - 1414*r - 24365. What is n(-108)?
43
Let j(v) = 2*v**3 - 726*v**2 + 641*v + 30071. Determine j(362).
25
Let i(g) = -3043*g + 12260. Calculate i(4).
88
Let x(l) = -4*l**3 - 23*l**2 